{"version":"1.0","provider_name":"testmese","provider_url":"https:\/\/testmese.cafeblog.hu","author_name":"Mihaleczki M\u00e1ria","author_url":"https:\/\/testmese.cafeblog.hu\/author\/mihaleczki-maria\/","title":"Szerelem...","html":"<br \/><div style=\"font-family: Arial, Verdana, sans-serif;font-size: 12px;text-align: center\"><b><i>Dallamaiban rengett meg lelkem;<\/i><\/b><\/div><div style=\"font-family: Arial, Verdana, sans-serif;font-size: 12px;text-align: center\"><b><i>Hangja k\u00f6r\u00fcl \u00f6lelt engem,<\/i><\/b><\/div><div style=\"font-family: Arial, Verdana, sans-serif;font-size: 12px;text-align: center\"><b><i>Majd er\u0151s karmaival m\u00e9lyen sz\u00e1nt\u00f3 sebet hagyott,<\/i><\/b><\/div><div style=\"font-family: Arial, Verdana, sans-serif;font-size: 12px;text-align: center\"><b><i>Annyira \u00e9get a varr, mag\u00e1nyos vagyok.<\/i><\/b><\/div><div style=\"font-family: Arial, Verdana, sans-serif;font-size: 12px;text-align: center\"><b><i><br \/><\/i><\/b><\/div><div style=\"font-family: Arial, Verdana, sans-serif;font-size: 12px;text-align: center\"><b><i>Felh\u0151m eltakarja a vak\u00edt\u00f3 \u00e9gitestet,<\/i><\/b><\/div><div style=\"font-family: Arial, Verdana, sans-serif;font-size: 12px;text-align: center\"><b><i>Nem \u00e9rzem magamban azt a r\u00e9gi er\u0151t, s kedvet,<\/i><\/b><\/div><div style=\"font-family: Arial, Verdana, sans-serif;font-size: 12px;text-align: center\"><b><i>Mit\u0151l v\u00e9gtagok n\u00e9lk\u00fcli lelkem sz\u00e1rnyra k\u00e9lne,<\/i><\/b><\/div><div style=\"font-family: Arial, Verdana, sans-serif;font-size: 12px;text-align: center\"><b><i>\u00d3h, Istenem! Csak a zuhan\u00e1st\u00f3l ne f\u00e9lne...<\/i><\/b><\/div><div style=\"font-family: Arial, Verdana, sans-serif;font-size: 12px;text-align: center\"><b><i><br \/><\/i><\/b><\/div><div style=\"font-family: Arial, Verdana, sans-serif;font-size: 12px;text-align: center\"><b><i>\u00c1t\u00f6lel ism\u00e9t a hang, s a megakadt sz\u00f3,<\/i><\/b><\/div><div style=\"font-family: Arial, Verdana, sans-serif;font-size: 12px;text-align: center\"><b><i>Minden gondolatom eltorzult, a j\u00f3<\/i><\/b><\/div><div style=\"font-family: Arial, Verdana, sans-serif;font-size: 12px;text-align: center\"><b><i>Messze elker\u00fcl engem;<\/i><\/b><\/div><div style=\"font-family: Arial, Verdana, sans-serif;font-size: 12px;text-align: center\"><b><i>er\u0151sebb n\u00e1lam ism\u00e9t r\u00e9gi szenvedelmem.<\/i><\/b><\/div><div style=\"font-family: Arial, Verdana, sans-serif;font-size: 12px;text-align: center\"><b><i><br \/><\/i><\/b><\/div><div style=\"font-family: Arial, Verdana, sans-serif;font-size: 12px;text-align: center\"><b><i>Feh\u00e9r, k\u00e9k, piros, fekete, s\u00e1rga;<\/i><\/b><\/div><div style=\"font-family: Arial, Verdana, sans-serif;font-size: 12px;text-align: center\"><b><i>Vesz\u00edt a sz\u00edv, szeg\u00e9ny \u00e1rva...<\/i><\/b><\/div><div style=\"font-family: Arial, Verdana, sans-serif;font-size: 12px;text-align: center\"><b><i>L\u00e1gyan \u00f6lel\u0151 szell\u0151, s\u00fcv\u00edt\u0151 sz\u00e9l,<\/i><\/b><\/div><div style=\"font-family: Arial, Verdana, sans-serif;font-size: 12px;text-align: center\"><b><i>Lelkemben a vihar amilyen gyorsan k\u00e9l,<\/i><\/b><\/div><div style=\"font-family: Arial, Verdana, sans-serif;font-size: 12px;text-align: center\"><b><i><br \/>Oly' hamar majd ki is s\u00fcthet a nap,<\/i><\/b><\/div><div style=\"font-family: Arial, Verdana, sans-serif;font-size: 12px;text-align: center\"><b><i>Elj\u00f6het majd az a szent \u00e9s akarom pillanat,<\/i><\/b><\/div><div style=\"font-family: Arial, Verdana, sans-serif;font-size: 12px;text-align: center\"><b><i>Mire oly' r\u00e9g \u00e9s titkon v\u00e1gytam,<\/i><\/b><\/div><div style=\"font-family: Arial, Verdana, sans-serif;font-size: 12px;text-align: center\"><b><i>Mire minden pillanatban annyiszor l\u00e1ttam jelet,<\/i><\/b><\/div><div style=\"font-family: Arial, Verdana, sans-serif;font-size: 12px;text-align: center\"><b><i>Mit most le\u00edrni sem lehet...<\/i><\/b><\/div><div>Az akad\u00e1lyok azok az ijeszt\u0151 dolgok, amiket akkor l\u00e1tsz, amikor leveszed a szemed a c\u00e9lr\u00f3l.<\/div>","type":"rich"}

Mihaleczki Mária

<br /><div style="font-family: Arial, Verdana, sans-serif;font-size: 12px;text-align: center"><b><i>Dallamaiban rengett meg lelkem;</i></b></div><div style="font-family: Arial, Verdana, sans-serif;font-size: 12px;text-align: center"><b><i>Hangja körül ölelt engem,</i></b></div><div style="font-family: Arial, Verdana, sans-serif;font-size: 12px;text-align: center"><b><i>Majd erős karmaival mélyen szántó sebet hagyott,</i></b></div><div style="font-family: Arial, Verdana, sans-serif;font-size: 12px;text-align: center"><b><i>Annyira éget a varr, magányos vagyok.</i></b></div><div style="font-family: Arial, Verdana, sans-serif;font-size: 12px;text-align: center"><b><i><br /></i></b></div><div style="font-family: Arial, Verdana, sans-serif;font-size: 12px;text-align: center"><b><i>Felhőm eltakarja a vakító égitestet,</i></b></div><div style="font-family: Arial, Verdana, sans-serif;font-size: 12px;text-align: center"><b><i>Nem érzem magamban azt a régi erőt, s kedvet,</i></b></div><div style="font-family: Arial, Verdana, sans-serif;font-size: 12px;text-align: center"><b><i>Mitől végtagok nélküli lelkem szárnyra kélne,</i></b></div><div style="font-family: Arial, Verdana, sans-serif;font-size: 12px;text-align: center"><b><i>Óh, Istenem! Csak a zuhanástól ne félne...</i></b></div><div style="font-family: Arial, Verdana, sans-serif;font-size: 12px;text-align: center"><b><i><br /></i></b></div><div style="font-family: Arial, Verdana, sans-serif;font-size: 12px;text-align: center"><b><i>Átölel ismét a hang, s a megakadt szó,</i></b></div><div style="font-family: Arial, Verdana, sans-serif;font-size: 12px;text-align: center"><b><i>Minden gondolatom eltorzult, a jó</i></b></div><div style="font-family: Arial, Verdana, sans-serif;font-size: 12px;text-align: center"><b><i>Messze elkerül engem;</i></b></div><div style="font-family: Arial, Verdana, sans-serif;font-size: 12px;text-align: center"><b><i>erősebb nálam ismét régi szenvedelmem.</i></b></div><div style="font-family: Arial, Verdana, sans-serif;font-size: 12px;text-align: center"><b><i><br /></i></b></div><div style="font-family: Arial, Verdana, sans-serif;font-size: 12px;text-align: center"><b><i>Fehér, kék, piros, fekete, sárga;</i></b></div><div style="font-family: Arial, Verdana, sans-serif;font-size: 12px;text-align: center"><b><i>Veszít a szív, szegény árva...</i></b></div><div style="font-family: Arial, Verdana, sans-serif;font-size: 12px;text-align: center"><b><i>Lágyan ölelő szellő, süvítő szél,</i></b></div><div style="font-family: Arial, Verdana, sans-serif;font-size: 12px;text-align: center"><b><i>Lelkemben a vihar amilyen gyorsan kél,</i></b></div><div style="font-family: Arial, Verdana, sans-serif;font-size: 12px;text-align: center"><b><i><br />Oly' hamar majd ki is süthet a nap,</i></b></div><div style="font-family: Arial, Verdana, sans-serif;font-size: 12px;text-align: center"><b><i>Eljöhet majd az a szent és akarom pillanat,</i></b></div><div style="font-family: Arial, Verdana, sans-serif;font-size: 12px;text-align: center"><b><i>Mire oly' rég és titkon vágytam,</i></b></div><div style="font-family: Arial, Verdana, sans-serif;font-size: 12px;text-align: center"><b><i>Mire minden pillanatban annyiszor láttam jelet,</i></b></div><div style="font-family: Arial, Verdana, sans-serif;font-size: 12px;text-align: center"><b><i>Mit most leírni sem lehet...</i></b></div><div>Az akadályok azok az ijesztő dolgok, amiket akkor látsz, amikor leveszed a szemed a célról.</div>
